{"id":577,"date":"2018-09-17T14:34:03","date_gmt":"2018-09-17T14:34:03","guid":{"rendered":"http:\/\/www.degestolentijd.nl\/?page_id=577"},"modified":"2024-07-17T14:38:25","modified_gmt":"2024-07-17T14:38:25","slug":"contact","status":"publish","type":"page","link":"https:\/\/letempsvole.fr\/?page_id=577","title":{"rendered":"Contact"},"content":{"rendered":"\n<style type=\"text\/css\" data-created_by=\"avia_inline_auto\" id=\"style-css-av-jl4yjbdy-7b53a901bc8ab0c248711023d794eede\">\n.avia-section.av-jl4yjbdy-7b53a901bc8ab0c248711023d794eede{\nbackground-color:#ffffff;\nbackground-image:unset;\n}\n<\/style>\n<div id='av_section_1'  class='avia-section av-jl4yjbdy-7b53a901bc8ab0c248711023d794eede main_color avia-section-default avia-no-border-styling  avia-builder-el-0  avia-builder-el-no-sibling  avia-bg-style-scroll container_wrap sidebar_right'  ><div class='container av-section-cont-open' ><main  role=\"main\" itemprop=\"mainContentOfPage\"  class='template-page content  av-content-small alpha units'><div class='post-entry post-entry-type-page post-entry-577'><div class='entry-content-wrapper clearfix'>\n\n<style type=\"text\/css\" data-created_by=\"avia_inline_auto\" id=\"style-css-av-48eg-a77e1b3e609de8654fb0e90f55f89d7e\">\n#top .hr.hr-invisible.av-48eg-a77e1b3e609de8654fb0e90f55f89d7e{\nheight:100px;\n}\n<\/style>\n<div  class='hr av-48eg-a77e1b3e609de8654fb0e90f55f89d7e hr-invisible  avia-builder-el-1  el_before_av_one_third  avia-builder-el-first '><span class='hr-inner '><span class=\"hr-inner-style\"><\/span><\/span><\/div>\n\n<style type=\"text\/css\" data-created_by=\"avia_inline_auto\" id=\"style-css-av-kfv6p-d119ab800147ca4ae9689b1b9df55d0b\">\n.flex_column.av-kfv6p-d119ab800147ca4ae9689b1b9df55d0b{\nborder-radius:0px 0px 0px 0px;\npadding:0px 0px 0px 0px;\n}\n<\/style>\n<div  class='flex_column av-kfv6p-d119ab800147ca4ae9689b1b9df55d0b av_one_third  avia-builder-el-2  el_after_av_hr  el_before_av_one_third  first flex_column_div av-zero-column-padding  '     ><\/div>\n<style type=\"text\/css\" data-created_by=\"avia_inline_auto\" id=\"style-css-av-dwdk9-4c3dd30869ac121f7eb5279894cc4633\">\n.flex_column.av-dwdk9-4c3dd30869ac121f7eb5279894cc4633{\nborder-radius:0px 0px 0px 0px;\npadding:0px 0px 0px 0px;\n}\n<\/style>\n<div  class='flex_column av-dwdk9-4c3dd30869ac121f7eb5279894cc4633 av_one_third  avia-builder-el-3  el_after_av_one_third  el_before_av_one_third  flex_column_div av-zero-column-padding  '     ><style type=\"text\/css\" data-created_by=\"avia_inline_auto\" id=\"style-css-av-jm6e9xdv-8eb06ef958224ea7414330605231d571\">\n.avia-image-container.av-jm6e9xdv-8eb06ef958224ea7414330605231d571 img.avia_image{\nbox-shadow:none;\n}\n.avia-image-container.av-jm6e9xdv-8eb06ef958224ea7414330605231d571 .av-image-caption-overlay-center{\ncolor:#ffffff;\n}\n<\/style>\n<div  class='avia-image-container av-jm6e9xdv-8eb06ef958224ea7414330605231d571 av-styling- avia-align-center  avia-builder-el-4  avia-builder-el-no-sibling '   itemprop=\"image\" itemscope=\"itemscope\" itemtype=\"https:\/\/schema.org\/ImageObject\" ><div class=\"avia-image-container-inner\"><div class=\"avia-image-overlay-wrap\"><img decoding=\"async\" fetchpriority=\"high\" class='wp-image-1682 avia-img-lazy-loading-not-1682 avia_image ' src=\"https:\/\/letempsvole.fr\/wp-content\/uploads\/2024\/07\/boek_F.png\" alt='' title='boek_F'  height=\"850\" width=\"850\"  itemprop=\"thumbnailUrl\" srcset=\"https:\/\/letempsvole.fr\/wp-content\/uploads\/2024\/07\/boek_F.png 850w, https:\/\/letempsvole.fr\/wp-content\/uploads\/2024\/07\/boek_F-300x300.png 300w, https:\/\/letempsvole.fr\/wp-content\/uploads\/2024\/07\/boek_F-80x80.png 80w, https:\/\/letempsvole.fr\/wp-content\/uploads\/2024\/07\/boek_F-768x768.png 768w, https:\/\/letempsvole.fr\/wp-content\/uploads\/2024\/07\/boek_F-36x36.png 36w, https:\/\/letempsvole.fr\/wp-content\/uploads\/2024\/07\/boek_F-180x180.png 180w, https:\/\/letempsvole.fr\/wp-content\/uploads\/2024\/07\/boek_F-705x705.png 705w\" sizes=\"(max-width: 850px) 100vw, 850px\" \/><\/div><\/div><\/div><\/div>\n<style type=\"text\/css\" data-created_by=\"avia_inline_auto\" id=\"style-css-av-9keld-2fb2520ead16a23c0520a74476bc9ad1\">\n.flex_column.av-9keld-2fb2520ead16a23c0520a74476bc9ad1{\nborder-radius:0px 0px 0px 0px;\npadding:0px 0px 0px 0px;\n}\n<\/style>\n<div  class='flex_column av-9keld-2fb2520ead16a23c0520a74476bc9ad1 av_one_third  avia-builder-el-5  el_after_av_one_third  el_before_av_one_fifth  flex_column_div av-zero-column-padding  '     ><\/div>\n<style type=\"text\/css\" data-created_by=\"avia_inline_auto\" id=\"style-css-av-eik-21bf431e34781f3a6917d30135fa51ee\">\n.flex_column.av-eik-21bf431e34781f3a6917d30135fa51ee{\nborder-radius:0px 0px 0px 0px;\npadding:0px 0px 0px 0px;\n}\n<\/style>\n<div  class='flex_column av-eik-21bf431e34781f3a6917d30135fa51ee av_one_fifth  avia-builder-el-6  el_after_av_one_third  el_before_av_three_fifth  first flex_column_div av-zero-column-padding  column-top-margin'     ><p>\n<style type=\"text\/css\" data-created_by=\"avia_inline_auto\" id=\"style-css-av-48eg-10-f47fd4095bc04a34ef2a97120fcff4db\">\n#top .hr.hr-invisible.av-48eg-10-f47fd4095bc04a34ef2a97120fcff4db{\nheight:4px;\n}\n<\/style>\n<div  class='hr av-48eg-10-f47fd4095bc04a34ef2a97120fcff4db hr-invisible  avia-builder-el-7  el_before_av_image  avia-builder-el-first '><span class='hr-inner '><span class=\"hr-inner-style\"><\/span><\/span><\/div><br \/>\n\n<style type=\"text\/css\" data-created_by=\"avia_inline_auto\" id=\"style-css-av-jl4aqbuu-da765900972d4a992096b3f3d7331910\">\n.avia-image-container.av-jl4aqbuu-da765900972d4a992096b3f3d7331910 img.avia_image{\nbox-shadow:none;\n}\n.avia-image-container.av-jl4aqbuu-da765900972d4a992096b3f3d7331910 .av-image-caption-overlay-center{\ncolor:#ffffff;\n}\n<\/style>\n<div  class='avia-image-container av-jl4aqbuu-da765900972d4a992096b3f3d7331910 av-styling- avia-align-center  avia-builder-el-8  el_after_av_hr  avia-builder-el-last '   itemprop=\"image\" itemscope=\"itemscope\" itemtype=\"https:\/\/schema.org\/ImageObject\" ><div class=\"avia-image-container-inner\"><div class=\"avia-image-overlay-wrap\"><a href=\"http:\/\/www.interakt.nl\/\" class='avia_image' target=\"_blank\" rel=\"noopener noreferrer\" aria-label='interakt_l'><img decoding=\"async\" fetchpriority=\"high\" class='wp-image-177 avia-img-lazy-loading-not-177 avia_image ' src=\"https:\/\/letempsvole.fr\/wp-content\/uploads\/2018\/08\/interakt_l-1-300x133.png\" alt='' title='interakt_l'  height=\"133\" width=\"300\"  itemprop=\"thumbnailUrl\" srcset=\"https:\/\/letempsvole.fr\/wp-content\/uploads\/2018\/08\/interakt_l-1-300x133.png 300w, https:\/\/letempsvole.fr\/wp-content\/uploads\/2018\/08\/interakt_l-1-768x340.png 768w, https:\/\/letempsvole.fr\/wp-content\/uploads\/2018\/08\/interakt_l-1.png 781w\" sizes=\"(max-width: 300px) 100vw, 300px\" \/><\/a><\/div><\/div><\/div><\/p><\/div>\n<style type=\"text\/css\" data-created_by=\"avia_inline_auto\" id=\"style-css-av-eik-9-a904043be62b031a984f2a86034980a9\">\n.flex_column.av-eik-9-a904043be62b031a984f2a86034980a9{\nborder-radius:0px 0px 0px 0px;\npadding:0px 0px 0px 0px;\n}\n<\/style>\n<div  class='flex_column av-eik-9-a904043be62b031a984f2a86034980a9 av_three_fifth  avia-builder-el-9  el_after_av_one_fifth  el_before_av_one_fifth  flex_column_div av-zero-column-padding  column-top-margin'     ><p>\n<style type=\"text\/css\" data-created_by=\"avia_inline_auto\" id=\"style-css-av-48eg-8-09ae3b33d6d4acaaddf9331a9629e70d\">\n#top .hr.hr-invisible.av-48eg-8-09ae3b33d6d4acaaddf9331a9629e70d{\nheight:20px;\n}\n<\/style>\n<div  class='hr av-48eg-8-09ae3b33d6d4acaaddf9331a9629e70d hr-invisible  avia-builder-el-10  el_before_av_textblock  avia-builder-el-first '><span class='hr-inner '><span class=\"hr-inner-style\"><\/span><\/span><\/div><br \/>\n<section  class='av_textblock_section av-3obe-6fe04b7cf7967b06fc9b734a44fab2db '   itemscope=\"itemscope\" itemtype=\"https:\/\/schema.org\/CreativeWork\" ><div class='avia_textblock'  itemprop=\"text\" ><p style=\"text-align: center; font-size: 16px;\"><strong>Le temps vol\u00e9<\/strong> est un projet de <a href=\"https:\/\/fr.wikipedia.org\/wiki\/Philo_Bregstein\">Philo Bregstein<\/a> et <a href=\"http:\/\/interakt.nl\">Interakt<\/a> , r\u00e9alis\u00e9 avec le soutien de la <a href=\"mailto:kbreg@xs4all.nl\">Stichting Grensgebied<\/a> et de la <a href=\"http:\/\/stichtingitem.nl\">Stichting Item<\/a>. Le livre a \u00e9t\u00e9 publi\u00e9 en fran\u00e7ais par <a href=\"https:\/\/www.editions-harmattan.fr\">l&rsquo;Harmattan<\/a>, et l&rsquo;\u00e9dition n\u00e9erlandaise a \u00e9t\u00e9 publi\u00e9e par <a href=\"http:\/\/boom.nl\">Boom Uitgevers.<\/a><\/p>\n<\/div><\/section><br \/>\n\n<style type=\"text\/css\" data-created_by=\"avia_inline_auto\" id=\"style-css-av-48eg-5-13250d24bf9a4588dbc08651a5b978c8\">\n#top .hr.hr-invisible.av-48eg-5-13250d24bf9a4588dbc08651a5b978c8{\nheight:30px;\n}\n<\/style>\n<div  class='hr av-48eg-5-13250d24bf9a4588dbc08651a5b978c8 hr-invisible  avia-builder-el-12  el_after_av_textblock  avia-builder-el-last '><span class='hr-inner '><span class=\"hr-inner-style\"><\/span><\/span><\/div><\/p><\/div>\n<style type=\"text\/css\" data-created_by=\"avia_inline_auto\" id=\"style-css-av-eik-6-c1cef2500713409904f14997c4f4bcb4\">\n.flex_column.av-eik-6-c1cef2500713409904f14997c4f4bcb4{\nborder-radius:0px 0px 0px 0px;\npadding:0px 0px 0px 0px;\n}\n<\/style>\n<div  class='flex_column av-eik-6-c1cef2500713409904f14997c4f4bcb4 av_one_fifth  avia-builder-el-13  el_after_av_three_fifth  el_before_av_hr  flex_column_div av-zero-column-padding  column-top-margin'     ><style type=\"text\/css\" data-created_by=\"avia_inline_auto\" id=\"style-css-av-jl4aqbuu-7-0ed62432a7945ff4b733bc8324b14c8e\">\n.avia-image-container.av-jl4aqbuu-7-0ed62432a7945ff4b733bc8324b14c8e img.avia_image{\nbox-shadow:none;\n}\n.avia-image-container.av-jl4aqbuu-7-0ed62432a7945ff4b733bc8324b14c8e .av-image-caption-overlay-center{\ncolor:#ffffff;\n}\n<\/style>\n<div  class='avia-image-container av-jl4aqbuu-7-0ed62432a7945ff4b733bc8324b14c8e av-styling- avia-align-left  avia-builder-el-14  avia-builder-el-no-sibling '   itemprop=\"image\" itemscope=\"itemscope\" itemtype=\"https:\/\/schema.org\/ImageObject\" ><div class=\"avia-image-container-inner\"><div class=\"avia-image-overlay-wrap\"><a href=\"https:\/\/www.editions-harmattan.fr\" class='avia_image' target=\"_blank\" rel=\"noopener noreferrer\" aria-label='L&#039;Harmattan'><img decoding=\"async\" fetchpriority=\"high\" class='wp-image-1465 avia-img-lazy-loading-not-1465 avia_image ' src=\"https:\/\/letempsvole.fr\/wp-content\/uploads\/2024\/03\/LHarmattan.png\" alt='' title='L&#039;Harmattan'  height=\"244\" width=\"684\"  itemprop=\"thumbnailUrl\" srcset=\"https:\/\/letempsvole.fr\/wp-content\/uploads\/2024\/03\/LHarmattan.png 684w, https:\/\/letempsvole.fr\/wp-content\/uploads\/2024\/03\/LHarmattan-300x107.png 300w\" sizes=\"(max-width: 684px) 100vw, 684px\" \/><\/a><\/div><\/div><\/div><\/div>\n<style type=\"text\/css\" data-created_by=\"avia_inline_auto\" id=\"style-css-av-48eg-4-2286b8630e9f3b19bb9ceeed72bcbfbf\">\n#top .hr.hr-invisible.av-48eg-4-2286b8630e9f3b19bb9ceeed72bcbfbf{\nheight:450px;\n}\n<\/style>\n<div  class='hr av-48eg-4-2286b8630e9f3b19bb9ceeed72bcbfbf hr-invisible  avia-builder-el-15  el_after_av_one_fifth  el_before_av_one_fifth '><span class='hr-inner '><span class=\"hr-inner-style\"><\/span><\/span><\/div>\n\n<style type=\"text\/css\" data-created_by=\"avia_inline_auto\" id=\"style-css-av-eik-3-e5b6356f4feea2d9f3ca57a5b139fc2d\">\n.flex_column.av-eik-3-e5b6356f4feea2d9f3ca57a5b139fc2d{\nborder-radius:0px 0px 0px 0px;\npadding:0px 0px 0px 0px;\n}\n<\/style>\n<div  class='flex_column av-eik-3-e5b6356f4feea2d9f3ca57a5b139fc2d av_one_fifth  avia-builder-el-16  el_after_av_hr  el_before_av_three_fifth  first flex_column_div av-zero-column-padding  '     ><\/div>\n<style type=\"text\/css\" data-created_by=\"avia_inline_auto\" id=\"style-css-av-eik-2-5e6a82404f049c42b3bbe899625ac86b\">\n.flex_column.av-eik-2-5e6a82404f049c42b3bbe899625ac86b{\nborder-radius:0px 0px 0px 0px;\npadding:0px 0px 0px 0px;\n}\n<\/style>\n<div  class='flex_column av-eik-2-5e6a82404f049c42b3bbe899625ac86b av_three_fifth  avia-builder-el-17  el_after_av_one_fifth  el_before_av_one_fifth  flex_column_div av-zero-column-padding  '     ><style type=\"text\/css\" data-created_by=\"avia_inline_auto\" id=\"style-css-av-jl4auy4g-7e993b538bd29436195ca913aed215f5\">\n#top .av_textblock_section.av-jl4auy4g-7e993b538bd29436195ca913aed215f5 .avia_textblock{\nfont-size:9px;\n}\n<\/style>\n<section  class='av_textblock_section av-jl4auy4g-7e993b538bd29436195ca913aed215f5 '   itemscope=\"itemscope\" itemtype=\"https:\/\/schema.org\/CreativeWork\" ><div class='avia_textblock'  itemprop=\"text\" ><p style=\"text-align: center;\">Website: <a href=\"http:\/\/www.gijskuijper.nl\/\">Gijs Kuijper<\/a><\/p>\n<\/div><\/section><\/div>\n<style type=\"text\/css\" data-created_by=\"avia_inline_auto\" id=\"style-css-av-eik-1-b5763633a9494e56e702747ea70344bb\">\n.flex_column.av-eik-1-b5763633a9494e56e702747ea70344bb{\nborder-radius:0px 0px 0px 0px;\npadding:0px 0px 0px 0px;\n}\n<\/style>\n<div  class='flex_column av-eik-1-b5763633a9494e56e702747ea70344bb av_one_fifth  avia-builder-el-19  el_after_av_three_fifth  avia-builder-el-last  flex_column_div av-zero-column-padding  '     ><\/div>\n<\/div><\/div><\/main><!-- close content main element --><\/div><\/div><div id='after_section_1'  class='main_color av_default_container_wrap container_wrap sidebar_right'  ><div class='container av-section-cont-open' ><div class='template-page content  av-content-small alpha units'><div class='post-entry post-entry-type-page post-entry-577'><div class='entry-content-wrapper clearfix'>\n","protected":false},"excerpt":{"rendered":"","protected":false},"author":1,"featured_media":0,"parent":0,"menu_order":0,"comment_status":"closed","ping_status":"closed","template":"","meta":{"footnotes":""},"class_list":["post-577","page","type-page","status-publish","hentry"],"_links":{"self":[{"href":"https:\/\/letempsvole.fr\/index.php?rest_route=\/wp\/v2\/pages\/577","targetHints":{"allow":["GET"]}}],"collection":[{"href":"https:\/\/letempsvole.fr\/index.php?rest_route=\/wp\/v2\/pages"}],"about":[{"href":"https:\/\/letempsvole.fr\/index.php?rest_route=\/wp\/v2\/types\/page"}],"author":[{"embeddable":true,"href":"https:\/\/letempsvole.fr\/index.php?rest_route=\/wp\/v2\/users\/1"}],"replies":[{"embeddable":true,"href":"https:\/\/letempsvole.fr\/index.php?rest_route=%2Fwp%2Fv2%2Fcomments&post=577"}],"version-history":[{"count":12,"href":"https:\/\/letempsvole.fr\/index.php?rest_route=\/wp\/v2\/pages\/577\/revisions"}],"predecessor-version":[{"id":1750,"href":"https:\/\/letempsvole.fr\/index.php?rest_route=\/wp\/v2\/pages\/577\/revisions\/1750"}],"wp:attachment":[{"href":"https:\/\/letempsvole.fr\/index.php?rest_route=%2Fwp%2Fv2%2Fmedia&parent=577"}],"curies":[{"name":"wp","href":"https:\/\/api.w.org\/{rel}","templated":true}]}}